 b = 22 + -7. Let u = -1 - -7. Suppose -m + u*m = b. List the prime factors of m.
3
Suppose -48 = -5*k - 4*a, 2*k - 4*k = -a - 27. Let i = k + -4. List the prime factors of i.
2
Let b(x) = -x**3 + 5*x**2 + 5*x + 8. Let c be b(6). Suppose -34 = -c*y - 4. List the prime factors of y.
3, 5
Suppose -1 + 36 = -5*t. Let n = t + 14. List the prime factors of n.
7
Suppose -4 = -a - 2*a - 2*k, 5*a - 8 = -2*k. Suppose 0 = 3*h + l - 57, 6*l - a*l = 2*h - 52. Suppose 3*t - 16 = h. List the prime factors of t.
2, 3
Let o be ((-38)/3)/((-4)/6). Suppose v - 53 = -o. Suppose l + v = 3*l. What are the prime factors of l?
17
Let p be 4/((-6)/(-3) + 0). Suppose -9 = 3*o + 5*h - p*h, 2*o - 4*h = 24. List the prime factors of o.
2
Let o = 4 - 0. Suppose -o*p + 20 = y, -3*y = 2*p - 0*p - 20. List the prime factors of (-94)/(-18) + y/(-18).
5
Let u = -32 - -53. Suppose 5*o + 21 = n, 3*n - u = -2*o + 25. List the prime factors of n.
2
Let z(t) = -t. Suppose 0*u + 2*u = -8. Let r be z(u). Suppose -3*f = -r*f + 7. List the prime factors of f.
7
Let z(y) = -5 - 5*y - 9 + 4*y. Let o be z(-11). Let w(q) = q**3 + 3*q**2 - 2*q + 2. What are the prime factors of w(o)?
2
Suppose 5*d - 14 + 4 = 0. Suppose -d*p + 3 = j - 9, 4*p + 4*j = 28. List the prime factors of p.
5
Let a(u) = u + 8. Let y be a(-5). Let f = y + 23. List the prime factors of f.
2, 13
Let w(s) = -11*s**3 + s. Suppose -4 + 60 = 4*i. Suppose j + 0*r = -2*r + 5, 3*r = 5*j + i. List the prime factors of w(j).
2, 5
Let k be (112/(-20))/(2/(-5)). Let m = 0 + k. What are the prime factors of m/21 + 19/3?
7
Let x = 125 - 84. Suppose 5*o - 41 = 4*k, 5*o + 5*k - x = o. Suppose o = -2*u + 3*u. List the prime factors of u.
3
Let r = -4 - -12. Let p be (44/r)/((-1)/2). Let o = p + 17. What are the prime factors of o?
2, 3
List the prime factors of 16/((-3)/(-17 + -1)) + -2.
2, 47
Let y = 15 - 37. List the prime factors of (-3 - y/10)*-10.
2
Let m(g) = g**3 + 14*g**2 + 14*g - 2. Let k be m(-13). List the prime factors of -2*k*6/9.
2, 5
Suppose 5*r - 5 = -15, -4*s = -4*r. List the prime factors of (-3)/s*(-32)/(-3).
2
Suppose 4*x = -4*d + 88, -d + 3*d = -4*x + 94. Suppose -4*v = -4 - 4, -5*v - x = 5*m. Let u(g) = -g**2 - 9*g - 9. List the prime factors of u(m).
5
Suppose 0 = -7*f + 3*f - 3*v, -2*f - 2*v - 2 = 0. Suppose -f + 5 = k. Suppose 4 = o - k. What are the prime factors of o?
2, 3
Let b = 80 + -45. Suppose 0 = -4*z + 5 + b. What are the prime factors of z?
2, 5
Suppose -4*j = 12, -2*h - 2*j + 2 = -6*h. Let t(o) be the first derivative of 2*o**3/3 + o**2/2 + 2*o + 10. List the prime factors of t(h).
2
List the prime factors of (-162 + -3)*(-4)/10.
2, 3, 11
Suppose m = -3*m. Suppose -h - h + 20 = m. Suppose -w + 0 = -h. What are the prime factors of w?
2, 5
Let j = 1 + 2. Suppose -3*s = -142 + 127. Let x = s - j. List the prime factors of x.
2
Let n(w) = -8*w**2 - 2*w + 2. Let f(q) = -7*q**2 - q + 1. Let x(p) = -6*f(p) + 4*n(p). What are the prime factors of x(1)?
2, 5
Let s(k) = -3*k + 9. Let m be s(6). What are the prime factors of m/12 + (-321)/(-12)?
2, 13
Suppose 0*b = b - 22. Let w = 41 - b. What are the prime factors of w?
19
Let d be 1 + 1 + 11 - 2. Let h = d - 6. Suppose g + 16 = h*g. What are the prime factors of g?
2
Suppose 0 = t + 2 - 0. Let d be ((-14)/4)/(t/4). Suppose 0*q + d = q. What are the prime factors of q?
7
Suppose -3 = 2*m - 5*m. Let j = m + 2. Suppose 5*z - 20 = 0, 0 - 72 = -4*o - j*z. What are the prime factors of o?
3, 5
Suppose -r + 4 = 3*f - 10, r - 3*f = -10. Suppose -t + 4 = -3*g, 6*t - 5*t = -2*g - 1. List the prime factors of 14 - (r - g - 3).
2, 7
Let t(q) = q**2 + 3*q - 10. Let m = -3 + -4. Let g be t(m). Suppose 0 = 4*c + 16, c = -o + 2*o - g. List the prime factors of o.
2, 7
What are the prime factors of (-1 + 46)*(-7 - -8)?
3, 5
Let n = -3 + 6. Suppose n*i = -5*k + 4*i + 9, i = 3*k - 7. List the prime factors of (-4)/k*(-7)/4.
7
Let a be (-6 + 1)*6/(-10). Suppose -w = 3*p + 5 + 7, 0 = 5*w + a*p. List the prime factors of w.
3
Let r(y) be the first derivative of 27*y**2/2 + 2*y - 2. List the prime factors of r(1).
29
Let k(v) = v - 2. Let w be k(6). Suppose -2*d - 1 = 3*n, -3*n + w*n = d - 2. What are the prime factors of d*-2 + 1 + 6?
5
Let c = -14 + 25. Suppose -45 - 35 = -5*g. Let r = g - c. List the prime factors of r.
5
Let u(o) = o**2 - 12*o - 5. Let k be u(13). List the prime factors of 5/((-100)/k)*-65.
2, 13
Suppose -5*x + 1 = -9. Suppose 19 = -m + 2*m + 4*c, -4*m - x*c = -20. List the prime factors of m.
3
Let k = 12 + -1. Let r = -1 + k. What are the prime factors of r?
2, 5
Let k(j) = -2*j - 1. Let n be k(-3). Suppose -10 + 95 = n*l. What are the prime factors of l?
17
Let f = 65 - 35. List the prime factors of f.
2, 3, 5
List the prime factors of (-150)/4*(-4)/2.
3, 5
Suppose 8*y - 563 = 1549. What are the prime factors of y?
2, 3, 11
Suppose 212 = 2*h - 6*h. Let k = h - -91. List the prime factors of k.
2, 19
Let q(x) = 3*x. Let b be q(3). What are the prime factors of (b/18)/((-2)/(-20))?
5
Suppose 0 = 4*f - 92 - 136. Let n = f + -40. List the prime factors of n.
17
Suppose 1 = 5*u + 11. Let j = 7 - u. What are the prime factors of j?
3
Suppose -4*i - 47 = -135. Suppose -3*r + i = -2*r. What are the prime factors of r?
2, 11
Suppose 4*a - 8 = 0, -4*q = -2*q - 5*a + 2. Suppose q*y - m - 36 - 27 = 0, -48 = -4*y + 4*m. List the prime factors of 4/12 + y/3.
2, 3
Let f = 25 + -8. What are the prime factors of f?
17
Let z(g) = -g + 2. Let u be z(0). Suppose -a + u + 0 = 0. List the prime factors of a*(-2)/4*-5.
5
Let d(a) = -a + 1. Let j(x) = 3. Let g(k) = -6*d(k) + 2*j(k). Let n be g(10). Suppose 2*b - n = -b. List the prime factors of b.
2, 5
Suppose -2*g - 4*j + 16 = 0, 2*g - 7 = -3*g + j. Suppose u = 2*u + 4, -5*u - 4 = g*z. List the prime factors of z.
2
Suppose 9*f + 2 = 8*f. Let n(g) be the first derivative of -g**4/4 + g**2 - g + 1. List the prime factors of n(f).
3
Suppose -3*t + a + 85 = 0, t - 2*a = 24 - 4. List the prime factors of (t/9 + -3)*57.
19
Let t = 52 - 12. List the prime factors of t.
2, 5
Let a be -1*1 - 660/(-5). Suppose w - 5*q = -2*w + 139, 3*w - q = a. What are the prime factors of w?
43
What are the prime factors of (366/18)/((-2)/(-36))?
2, 3, 61
Let s(u) be the first derivative of -3 + 1/3*u**3 - 3*u + 5/2*u**2. List the prime factors of s(-6).
3
Let t = 19 - 16. Suppose 0 = 5*i + 4*j - 57 - 53, -t*j - 66 = -3*i. List the prime factors of i.
2, 11
Suppose 2*v + 6 = 4*u, 6*v = -5*u + 4*v + 21. Suppose -u*l = -l. Suppose 3*s - 33 = -l*s. List the prime factors of s.
11
Let n(x) be the first derivative of -x**4/4 + 5*x**3/3 + x**2 - 2. Let t be n(4). List the prime factors of (t/(-14))/(1/(-7)).
2, 3
Suppose 4*r + 9 = 4*z - z, 5*r - 12 = -4*z. List the prime factors of (45/(-12))/(z/(-12)).
3, 5
Let k(g) = -g - 1. Let u be k(3). Let c = 0 - u. Suppose 2*o - 10 - 10 = p, 0 = 5*o - c*p - 53. List the prime factors of o.
3
Let p(x) = -x**3 + 4*x**2 + 6*x + 3. Suppose 3*i + 6 = -6. Let s(u) = u**2 + 4*u + 5. Let c be s(i). What are the prime factors of p(c)?
2
Suppose 5*m - 4*o = 767, 26 = 3*m - 5*o - 442. What are the prime factors of m?
151
Let p = 27 + -56. Let d = 65 + p. What are the prime factors of d?
2, 3
What are the prime factors of (-6 + 3)*(-26)/3?
2, 13
Suppose 4*p + 0*p + 112 = 0. Let w = -20 - p. List the prime factors of w.
2
Let z be (2 - (-20)/(-6))*-6. What are the prime factors of 1 - -11 - (-16)/z?
2, 7
Let h(r) = -r - 3. Let y(s) = s**3 + 2*s**2 + 4. Let i be y(-3). Let q be h(i). Suppose 3*c - 21 = -q*n, 0 = -n - 0*n - 3*c + 9. List the prime factors of n.
2, 3
Let u = -64 + 153. List the prime factors of u.
89
Suppose 176 = -5*j - 3*l - 113, -3*l = -5*j - 271. Let p = j + 79. What are the prime factors of p?
23
Let d(p) = 2*p**2 - 4*p + 7. What are the prime factors of d(11)?
5, 41
Let s(q) = -q**3 - q**2 + 2*q - 3. Let c be s(3). List the prime factors of ((-8)/3)/(22/c).
2
Suppose -2*q + 27 = 3*q + 4*w, -4*q - 3*w + 21 = 0. Let x be (-4)/q*(2 + -8). Let u = x - -3. What are the prime factors of u?
11
Suppose -l - 2*l = -66. List the prime factors of l.
2, 11
Suppose 6 = 5*f - 4. Let g(j) be the third derivative of j**5/30 + j**4/12 - j**3/6 - j**2. What are the prime factors of g(f)?
11
Suppose -p - 2*p = -15. Suppose 